s of 17719?
13, 29, 47
List the prime factors of 1800834.
2, 3, 7, 53, 809
What are the prime factors of 4050739?
7, 11, 31, 1697
List the prime factors of 1531398.
2, 3, 11, 23203
What are the prime factors of 2737?
7, 17, 23
List the prime factors of 8410855.
5, 131, 12841
List the prime factors of 10522638.
2, 3, 7, 23, 3631
List the prime factors of 1069422.
2, 3, 137, 1301
List the prime factors of 1715279.
197, 8707
What are the prime factors of 110559?
3, 137, 269
What are the prime factors of 4188814?
2, 7, 42743
What are the prime factors of 3012242?
2, 1506121
List the prime factors of 1032258.
2, 3, 43, 4001
What are the prime factors of 8174109?
3, 2724703
What are the prime factors of 595701?
3, 22063
List the prime factors of 1982150.
2, 5, 29, 1367
List the prime factors of 1010932.
2, 13, 19441
List the prime factors of 76527.
3, 11, 773
List the prime factors of 2679106.
2, 271, 4943
List the prime factors of 403615.
5, 89, 907
What are the prime factors of 720353?
37, 19469
What are the prime factors of 102269?
31, 3299
What are the prime factors of 24789951?
3, 283, 9733
List the prime factors of 6265502.
2, 3132751
What are the prime factors of 9063647?
71, 127657
What are the prime factors of 11335518?
2, 3, 209917
What are the prime factors of 16178896?
2, 877, 1153
List the prime factors of 327193.
327193
What are the prime factors of 11775062?
2, 13, 457, 991
What are the prime factors of 119973?
3, 7, 29, 197
What are the prime factors of 16308703?
16308703
What are the prime factors of 1862141?
1862141
List the prime factors of 2129260.
2, 5, 7, 67, 227
List the prime factors of 3852943.
61, 83, 761
What are the prime factors of 82932?
2, 3, 6911
List the prime factors of 4774899.
3, 31, 51343
What are the prime factors of 4780805?
5, 41, 23321
List the prime factors of 3497314.
2, 37, 167, 283
What are the prime factors of 42158641?
7, 6022663
List the prime factors of 3435961.
67, 51283
List the prime factors of 143908.
2, 35977
What are the prime factors of 200566?
2, 17, 347
What are the prime factors of 137375?
5, 7, 157
List the prime factors of 44178098.
2, 22089049
What are the prime factors of 764463?
3, 7, 59, 617
What are the prime factors of 206222?
2, 97, 1063
List the prime factors of 10285320.
2, 3, 5, 85711
List the prime factors of 2204752.
2, 11, 12527
List the prime factors of 26768175.
3, 5, 7, 67, 761
What are the prime factors of 105981?
3, 35327
What are the prime factors of 815821?
815821
What are the prime factors of 358088?
2, 17, 2633
What are the prime factors of 22580425?
5, 7, 18433
What are the prime factors of 1182184?
2, 147773
What are the prime factors of 2345873?
19, 311, 397
List the prime factors of 7064851.
7064851
What are the prime factors of 397690?
2, 5, 39769
What are the prime factors of 5342?
2, 2671
List the prime factors of 408989.
7, 58427
List the prime factors of 19104115.
5, 53, 72091
What are the prime factors of 9438378?
2, 3, 139, 11317
List the prime factors of 3463649.
7, 479, 1033
What are the prime factors of 12689339?
13, 976103
List the prime factors of 126468.
2, 3, 1171
What are the prime factors of 1085414?
2, 11, 103, 479
What are the prime factors of 493734?
2, 3, 19, 61, 71
List the prime factors of 493874.
2, 246937
What are the prime factors of 29797?
83, 359
List the prime factors of 664904.
2, 17, 4889
List the prime factors of 6541877.
6541877
What are the prime factors of 296900?
2, 5, 2969
What are the prime factors of 4611440?
2, 5, 59, 977
List the prime factors of 624969.
3, 79, 293
What are the prime factors of 5731623?
3, 23, 27689
List the prime factors of 27177629.
41, 199, 3331
List the prime factors of 833516.
2, 208379
List the prime factors of 11158667.
13, 31, 27689
List the prime factors of 2055602.
2, 23, 44687
List the prime factors of 1699550.
2, 5, 19, 1789
What are the prime factors of 374285?
5, 74857
List the prime factors of 942906.
2, 3, 29, 5419
List the prime factors of 18096902.
2, 97, 93283
What are the prime factors of 256799?
256799
What are the prime factors of 4214660?
2, 5, 359, 587
What are the prime factors of 15884006?
2, 7942003
List the prime factors of 74349.
3, 11, 751
List the prime factors of 4933377.
3, 548153
List the prime factors of 19916670.
2, 3, 5, 757, 877
What are the prime factors of 217711?
13, 16747
List the prime factors of 3679868.
2, 29, 31723
List the prime factors of 155982.
2, 3, 25997
List the prime factors of 659522.
2, 329761
List the prime factors of 9931859.
7, 17, 11923
What are the prime factors of 5631083?
5631083
List the prime factors of 887875.
5, 7103
What are the prime factors of 409471?
409471
List the prime factors of 728080.
2, 5, 19, 479
What are the prime factors of 454718?
2, 11, 1879
List the prime factors of 5478036.
2, 3, 456503
What are the prime factors of 618643?
618643
What are the prime factors of 258001?
19, 37, 367
List the prime factors of 5103810.
2, 3, 5, 6301
What are the prime factors of 13650522?
2, 3, 43, 157, 337
List the prime factors of 145687.
145687
List the prime factors of 416719.
416719
List the prime factors of 6293195.
5, 1258639
List the prime factors of 18648124.
2, 11, 23, 18427
What are the prime factors of 3762004?
2, 940501
What are the prime factors of 128275?
5, 7, 733
List the prime factors of 204322.
2, 102161
What are the prime factors of 18865943?
193, 239, 409
List the prime factors of 29574987.
3, 13, 23, 32971
What are the prime factors of 6331611?
3, 11, 13, 14759
List the prime factors of 2763105.
3, 5, 23, 8009
What are the prime factors of 6354?
2, 3, 353
What are the prime factors of 10815909?
3, 13, 277331
What are the prime factors of 293103?
3, 29, 1123
List the prime factors of 3346212.
2, 3, 17, 47, 349
What are the prime factors of 2766920?
2, 5, 13, 17, 313
What are the prime factors of 3119352?
2, 3, 23, 5651
What are the prime factors of 868042?
2, 7, 62003
What are the prime factors of 8577336?
2, 3, 357389
List the prime factors of 9626411.
101, 95311
What are the prime factors of 7198?
2, 59, 61
List the prime factors of 283219.
71, 3989
List the prime factors of 30147223.
30147223
List the prime factors of 7335.
3, 5, 163
List the prime factors of 717767.
193, 3719
What are the prime factors of 14092119?
3, 1565791
List the prime factors of 21265.
5, 4253
List the prime factors of 1786988.
2, 7, 19, 3359
List the prime factors of 217007.
7, 29, 1069
List the prime factors of 661701.
3, 367, 601
What are the prime factors of 312539?
37, 8447
What are the prime factors of 2828972?
2, 83, 8521
What are the prime factors of 199453?
199453
What are the prime factors of 2022894?
2, 3, 12487
List the prime factors of 3290424.
2, 3, 71, 1931
List the prime factors of 1610010.
2, 3, 5, 67, 89
List the prime factors of 12839646.
2, 3, 61, 35081
What are the prime factors of 3668760?
2, 3, 5, 43, 79
List the prime factors of 68611.
68611
List the prime factors of 1757533.
53, 33161
List the prime factors of 17219202.
2, 3, 7, 11, 13, 47, 61
List the prime factors of 135683.
241, 563
List the prime factors of 294317.
294317
List the prime factors of 737376.
2, 3, 7681
List the prime factors of 2526801.
3, 842267
List the prime factors of 1070341.
1070341
List the prime factors of 259528.
2, 32441
List the prime factors of 5070747.
3, 11, 61, 229
List the prime factors of 392511.
3, 7, 18691
What are the prime factors of 10168074?
2, 3, 7, 17, 47, 101
What are the prime factors of 1877405?
5, 375481
What are the prime factors of 272069?
7, 38867
List the prime factors of 560244.
2, 3, 46687
What are the prime factors of 24565999?
293, 83843
List the prime factors of 304216.
2, 11, 3457
List the prime factors of 300174.
2, 3, 7, 1021
List the prime factors of 1154188.
2, 7, 41221
What are the prime factors of 2785758?
2, 3, 137, 3389
What are the prime factors of 130104?
2, 3, 13, 139
What are the prime factors of 8828388?
2, 3, 19, 12907
List the prime factors of 407529.
3, 45281
List the prime factors of 566218.
2, 89, 3181
What are the prime factors of 1004704?
2, 31397
What are the prime factors of 685687?
139, 4933
What are the prime factors of 202304?
2, 29, 109
What are the prime factors of 3235035?
3, 5, 19, 113